on factor of s and 52.
13
Let s be 732/(-1 + 5) - 1. Calculate the greatest common factor of s and 14.
14
Let x = 282 + -182. What is the greatest common divisor of x and 150?
50
Suppose -4*k + 2*f + 400 = 0, f - 4*f - 100 = -k. Suppose -20 = -2*a + k. What is the highest common divisor of 15 and a?
15
Let n(k) = k**3 + 6*k**2 - 10*k - 3. Let h be n(-7). Calculate the highest common factor of h and 12.
6
Let i(g) = 6*g + 7. Let k be i(-10). Let y = k - -83. Calculate the greatest common factor of y and 75.
15
Let p(x) = 2*x**3 + x**2 - 4*x. Let q be p(-4). Let j = -6 - q. Suppose 3*b = -27 + j. What is the highest common divisor of b and 7?
7
Let g(x) = 4*x**3 - 4*x**2 + 7*x - 4. Let j be 8/(-3)*(-3)/2. Let z be g(j). What is the highest common factor of z and 24?
24
Suppose -5 = g, -g - 4*g = l + 31. Let b = l + 12. Let m be ((-2)/b)/((-5)/285). What is the greatest common divisor of 19 and m?
19
Suppose 1 + 50 = 3*r. Let l be 3/(1 + 2)*236. Suppose 4*c - 36 - l = 0. Calculate the greatest common factor of r and c.
17
Let b be (-10)/(-5) - (-2 - 1). What is the greatest common factor of b and 45?
5
Suppose -10*l + 35 = -5*l. Suppose 0 = k + 3*k - 5*d - 12, -d = -2*k. Let m be ((-2)/4)/(k/56). Calculate the highest common divisor of m and l.
7
Let s(f) = 2*f. Let x be s(3). What is the greatest common divisor of x and 15?
3
Let w(k) = -11*k**3 - 2*k + 1. Let r be w(1). Let c = r + 18. What is the greatest common factor of 6 and c?
6
Suppose 10*m - 155 - 175 = 0. Let h be (1 - -32)*2/6. Calculate the greatest common divisor of h and m.
11
Suppose -2*f - 3*a - 5 = 8, 3*a = 3*f - 18. Let w = -1 - f. Let b be 2*1*(-15)/w. Calculate the highest common divisor of 60 and b.
15
Let f be -2 + 6/9*9. Suppose -21 - 45 = -5*s - f*x, 4*s = x + 36. What is the highest common factor of 110 and s?
10
Let p = 69 - 13. What is the greatest common factor of 140 and p?
28
Suppose 4*x - 79 = -2*i + 13, 0 = 3*i + x - 133. What is the highest common divisor of 55 and i?
11
Let g be (-93)/(-12)*8/2. Let z = g + -1. Let o be (-53 + 13)/(4/(-2)). Calculate the highest common factor of z and o.
10
Suppose 6 - 2 = 2*j, -j = -3*s - 38. Let i = s + 4. Let y be 1/(-4) - 146/i. What is the greatest common factor of 27 and y?
9
Let q = 325 + -213. Let b be ((-8)/(-12))/((-2)/(-3)). Let u be 17*b - (-3 - -4). What is the greatest common divisor of u and q?
16
Let r = -39 + 94. What is the highest common factor of 22 and r?
11
Let m be (-2)/(-1*(-3)/(-117)). Suppose 0 = x - 4*x + m. What is the highest common divisor of 13 and x?
13
Let z = 280 + -189. Let d be (2 + 0)*1/((-4)/(-26)). What is the greatest common divisor of d and z?
13
Let b(p) = -p**2 + 15*p - 28. Let r be b(12). Suppose 4*h - h = 6. Suppose a + r = u, 4*u + a = h*a + 41. What is the highest common divisor of 77 and u?
11
Let u(m) = m**3 - 7*m**2 + 5*m - 7. Let w be u(7). Calculate the highest common divisor of w and 42.
14
Let z be 0 - 6/1*-3. Let m be 42 + (-1 - 2) + 6. What is the highest common factor of z and m?
9
Suppose -52 = -2*t + 38. Let j(z) = 21*z**2 - 1. Let g be j(2). Let k = g - t. What is the highest common divisor of 19 and k?
19
Let g(u) = u**3 - 7*u**2 - 13*u - 14. Let o = 26 + -16. Let j be g(o). What is the greatest common factor of 26 and j?
26
Suppose -3*j - 13 = 4*d - 0*j, -j = 5*d + 8. Let s(u) = -12*u**3 - u. Let t be s(d). What is the highest common factor of 26 and t?
13
Let l be (18 - 7)*2*1. Calculate the highest common factor of l and 154.
22
Suppose -3*c + 120 + 0 = 0. What is the highest common factor of 5 and c?
5
Suppose 2*s - 48 = -4*v, -4*v + 4*s - 36 = -6*v. What is the greatest common divisor of 80 and v?
10
Let f(q) = 5 - q + 3 - 3. Let h be f(0). Suppose 2*o - 19 = h. Calculate the greatest common factor of 12 and o.
12
Let s = -13 - -27. Let g = 112 - 56. Calculate the greatest common divisor of g and s.
14
Suppose s + 4*b + 6 = 0, 0*s + 3*s = -2*b + 2. Let z be 2/(s/15) + 1. Let c = -3 - -11. Calculate the highest common factor of c and z.
8
Let r(s) = 2*s**2 - s - 10. Let t be r(-5). Let c(a) = a**2 + 1. Let q be c(-2). Calculate the greatest common divisor of q and t.
5
Let n = 7 - 13. Let t(g) = -g**3 - 5*g**2 + 6*g + 8. Let r be t(n). Calculate the greatest common factor of 4 and r.
4
Suppose 0 = -k - 4 + 25. Calculate the greatest common factor of 3 and k.
3
Let w(t) = 10 - 10 - 2*t. Let d be w(-5). Suppose -m + 11 = -d. Calculate the highest common factor of 231 and m.
21
Suppose -k - 2 = o - 7, -2*o = 4*k - 30. Calculate the greatest common divisor of k and 10.
10
Let l = 20 - -20. Calculate the highest common divisor of 10 and l.
10
Let i(j) be the second derivative of -2*j**3/3 + 2*j. Let m be i(-2). Let g(o) = o + 1. Let k be g(7). What is the greatest common factor of k and m?
8
Suppose -3*a + u + u + 15 = 0, -2*u = 0. Suppose -85 = -a*n - 10. What is the greatest common divisor of n and 10?
5
Let q be 2866/10 - (-6)/15. Suppose -2*c + q = -3*y - 106, -2*y - 955 = -5*c. What is the highest common factor of 21 and c?
21
Let d(g) = -g**3 - g**2 + 6*g + 4. Let b be d(-4). Calculate the highest common divisor of 56 and b.
28
Suppose -g = -2*p - 18, 43 = -0*p - 5*p + 2*g. Let i(r) = r**2 + 3*r - 1. Let x be i(p). Calculate the greatest common factor of 135 and x.
27
Suppose -24*k - 270 = -30*k. What is the greatest common factor of k and 30?
15
Let m(a) = 65*a**3 - a**2 + 2*a - 1. Suppose 2*r - 6 = -4. Let k be m(r). What is the greatest common divisor of 13 and k?
13
Let o = 17 - 67. Let d(h) = -h**3 + h**2 - h + 7. Let q be d(5). Let s = o - q. What is the greatest common factor of s and 8?
8
Let x be (3/(-6))/((-4)/72). What is the highest common factor of 3 and x?
3
Suppose -2*q + q - 9 = 0. Let v be 0*(2 + 15/q). Suppose -8 = -4*b, v = u + 4*b - 5*b - 5. What is the greatest common divisor of u and 63?
7
Let d be 12*(-12)/(-27)*3. Suppose 4*h = 6*h - d. Let t = 17 + -9. What is the greatest common divisor of h and t?
8
Suppose 3*k - 4 = -4*y + 4, 5*y + 25 = 5*k. Calculate the highest common divisor of 12 and k.
4
Suppose u = 4*u - 24. Suppose 3*t = 2*t + 8. Let w = -6 + t. Calculate the highest common divisor of u and w.
2
Let z(d) = 4*d**2 + 2*d + 11. Let h be z(5). Let o(q) = -q + 4. Let r be o(-7). Calculate the highest common factor of h and r.
11
Let c(p) = p**3 + 16*p**2 + 13*p + 36. Let q be c(-15). What is the highest common divisor of q and 6?
6
Let u be (-3)/(-6)*-2*-6. Let p be 54*1*2/2. What is the highest common factor of p and u?
6
Suppose 0 = -2*h + 17 + 1. Let a(s) = 1 - 5 + 3 - 19*s. Let o be a(-1). What is the highest common factor of o and h?
9
Let f(u) = -u**3 + 8*u**2 - 8*u + 7. Let q be f(7). Suppose -4*l - 3*v + 289 = q, 3*v = -v + 12. Calculate the highest common factor of 14 and l.
14
Let r = -51 - -57. What is the highest common divisor of r and 9?
3
Suppose 0 = -2*r + 31 - 7. Suppose 4*c + 4*y - y = 13, -3*c + 5*y = r. Calculate the highest common factor of 9 and c.
1
Let k = 1 + 9. Suppose 0 = 4*i - k - 46. Suppose 5*y - 81 - 59 = 0. Calculate the highest common factor of y and i.
14
Suppose -2*s = s - 24. What is the highest common divisor of 40 and s?
8
Let q(l) = -2*l - 10. Let m be q(-9). What is the greatest common factor of 4 and m?
4
Let b = -127 + 128. Calculate the greatest common divisor of 9 and b.
1
Let v = 28 - -22. Calculate the greatest common factor of 10 and v.
10
Let i(r) = 4*r**2 - 8*r - 4. Let c be i(-7). Calculate the highest common factor of 31 and c.
31
Let r be ((-8325)/(-21))/3 - 2/14. Calculate the highest common divisor of 33 and r.
33
Suppose 0*r + i - 14 = -r, 4*i = r + 1. Calculate the greatest common divisor of 11 and r.
11
Suppose 0 = -0*l + 2*l - 50. Suppose a + 0*a - l = 0. Calculate the greatest common divisor of 200 and a.
25
Suppose 3*o = -3*z + 12, -3*z = -0*z + 4*o - 14. Suppose -3*i + 0*t - z*t = -9, 3*t = 0. Calculate the greatest common factor of 27 and i.
3
Let d = -2 + 2. Suppose -2*y - 22 = -2*w, d = -2*w - 2*y + 56 - 22. What is the greatest common divisor of w and 98?
14
Let j be 3 + (3 - 0/(-3)). Let a(g) = 2*g**3 - 7*g**2 - 3*g - 8. Let w be a(j). What is the greatest common divisor of w and 22?
22
Suppose 3*u - 8 = u. Suppose 0 = -6*x + x + 25, -51 = -u*h - 3*x. What is the gr